{"id":284,"date":"2019-10-04T12:55:56","date_gmt":"2019-10-04T10:55:56","guid":{"rendered":"https:\/\/www.konsulenthusetprovi.dk\/fitness\/?page_id=284"},"modified":"2020-05-01T10:25:09","modified_gmt":"2020-05-01T08:25:09","slug":"nyhedsbrev","status":"publish","type":"page","link":"https:\/\/www.karateklub.dk\/fitness\/nyhedsbrev\/","title":{"rendered":"Nyhedsbrev"},"content":{"rendered":"\t\t<div data-elementor-type=\"wp-page\" data-elementor-id=\"284\" class=\"elementor elementor-284\" data-elementor-post-type=\"page\">\n\t\t\t\t\t\t<section class=\"elementor-section elementor-top-section elementor-element elementor-element-6f1c007 elementor-section-boxed elementor-section-height-default elementor-section-height-default\" data-id=\"6f1c007\" data-element_type=\"section\" data-e-type=\"section\">\n\t\t\t\t\t\t<div class=\"elementor-container elementor-column-gap-default\">\n\t\t\t\t\t<div class=\"elementor-column elementor-col-100 elementor-top-column elementor-element elementor-element-b85fa89\" data-id=\"b85fa89\" data-element_type=\"column\" data-e-type=\"column\">\n\t\t\t<div class=\"elementor-widget-wrap elementor-element-populated\">\n\t\t\t\t\t\t<section class=\"elementor-section elementor-inner-section elementor-element elementor-element-2f6ac16 elementor-section-boxed elementor-section-height-default elementor-section-height-default\" data-id=\"2f6ac16\" data-element_type=\"section\" data-e-type=\"section\">\n\t\t\t\t\t\t<div class=\"elementor-container elementor-column-gap-default\">\n\t\t\t\t\t<div class=\"elementor-column elementor-col-50 elementor-inner-column elementor-element elementor-element-9e88172\" data-id=\"9e88172\" data-element_type=\"column\" data-e-type=\"column\" data-settings=\"{&quot;background_background&quot;:&quot;classic&quot;}\">\n\t\t\t<div class=\"elementor-widget-wrap elementor-element-populated\">\n\t\t\t\t\t\t<div class=\"elementor-element elementor-element-f3e61e8 elementor-widget elementor-widget-image\" data-id=\"f3e61e8\" data-element_type=\"widget\" data-e-type=\"widget\" data-widget_type=\"image.default\">\n\t\t\t\t\t\t\t\t\t\t\t\t\t\t\t<img fetchpriority=\"high\" decoding=\"async\" width=\"1000\" height=\"1000\" src=\"https:\/\/www.karateklub.dk\/fitness\/wp-content\/uploads\/sites\/2\/2020\/01\/billede-af-karate-centeret-6-1.jpg\" class=\"attachment-large size-large wp-image-403\" alt=\"\" srcset=\"https:\/\/www.karateklub.dk\/fitness\/wp-content\/uploads\/sites\/2\/2020\/01\/billede-af-karate-centeret-6-1.jpg 1000w, https:\/\/www.karateklub.dk\/fitness\/wp-content\/uploads\/sites\/2\/2020\/01\/billede-af-karate-centeret-6-1-300x300.jpg 300w, https:\/\/www.karateklub.dk\/fitness\/wp-content\/uploads\/sites\/2\/2020\/01\/billede-af-karate-centeret-6-1-150x150.jpg 150w, https:\/\/www.karateklub.dk\/fitness\/wp-content\/uploads\/sites\/2\/2020\/01\/billede-af-karate-centeret-6-1-768x768.jpg 768w, https:\/\/www.karateklub.dk\/fitness\/wp-content\/uploads\/sites\/2\/2020\/01\/billede-af-karate-centeret-6-1-600x600.jpg 600w, https:\/\/www.karateklub.dk\/fitness\/wp-content\/uploads\/sites\/2\/2020\/01\/billede-af-karate-centeret-6-1-100x100.jpg 100w\" sizes=\"(max-width: 1000px) 100vw, 1000px\" \/>\t\t\t\t\t\t\t\t\t\t\t\t\t\t\t<\/div>\n\t\t\t\t\t<\/div>\n\t\t<\/div>\n\t\t\t\t<div class=\"elementor-column elementor-col-50 elementor-inner-column elementor-element elementor-element-9700e7f\" data-id=\"9700e7f\" data-element_type=\"column\" data-e-type=\"column\" data-settings=\"{&quot;background_background&quot;:&quot;classic&quot;}\">\n\t\t\t<div class=\"elementor-widget-wrap elementor-element-populated\">\n\t\t\t\t\t\t<div class=\"elementor-element elementor-element-26e6168 animated-fast elementor-invisible elementor-widget elementor-widget-heading\" data-id=\"26e6168\" data-element_type=\"widget\" data-e-type=\"widget\" data-settings=\"{&quot;_animation&quot;:&quot;fadeInRight&quot;,&quot;_animation_delay&quot;:200}\" data-widget_type=\"heading.default\">\n\t\t\t\t\t<h2 class=\"elementor-heading-title elementor-size-default\">Modtag Karate Centers nyhedsbrev<\/h2>\t\t\t\t<\/div>\n\t\t\t\t<div class=\"elementor-element elementor-element-e45c0ca elementor-widget elementor-widget-text-editor\" data-id=\"e45c0ca\" data-element_type=\"widget\" data-e-type=\"widget\" data-widget_type=\"text-editor.default\">\n\t\t\t\t\t\t\t\t\t<p>Her kan du tilmelde dig nyhedsbrevet for <strong>Nyk\u00f8bing F. KarateCenter.<\/strong><\/p><p>Jeg \u00f8nsker at modtage nyheder om:<\/p>\t\t\t\t\t\t\t\t<\/div>\n\t\t\t\t<div class=\"elementor-element elementor-element-87f2908 elementor-button-align-stretch elementor-widget elementor-widget-form\" data-id=\"87f2908\" data-element_type=\"widget\" data-e-type=\"widget\" data-settings=\"{&quot;button_width&quot;:&quot;75&quot;,&quot;step_next_label&quot;:&quot;N\\u00e6ste&quot;,&quot;step_previous_label&quot;:&quot;Tidligere&quot;,&quot;step_type&quot;:&quot;number_text&quot;,&quot;step_icon_shape&quot;:&quot;circle&quot;}\" data-widget_type=\"form.default\">\n\t\t\t\t\t\t\t<form class=\"elementor-form\" method=\"post\" name=\"New Form\" aria-label=\"New Form\">\n\t\t\t<input type=\"hidden\" name=\"post_id\" value=\"284\"\/>\n\t\t\t<input type=\"hidden\" name=\"form_id\" value=\"87f2908\"\/>\n\t\t\t<input type=\"hidden\" name=\"referer_title\" value=\"Nyhedsbrev - Fitness - Nyk\u00f8bing F. Karate Center\" \/>\n\n\t\t\t\t\t\t\t<input type=\"hidden\" name=\"queried_id\" value=\"284\"\/>\n\t\t\t\n\t\t\t<div class=\"elementor-form-fields-wrapper elementor-labels-\">\n\t\t\t\t\t\t\t\t<div class=\"elementor-field-type-checkbox elementor-field-group elementor-column elementor-field-group-field_2 elementor-col-100\">\n\t\t\t\t\t\t\t\t\t\t\t\t<label for=\"form-field-field_2\" class=\"elementor-field-label elementor-screen-only\">\n\t\t\t\t\t\t\t\tValg af Emne\t\t\t\t\t\t\t<\/label>\n\t\t\t\t\t\t<div class=\"elementor-field-subgroup  \"><span class=\"elementor-field-option\"><input type=\"checkbox\" value=\"KarateCenter\" id=\"form-field-field_2-0\" name=\"form_fields[field_2][]\"> <label for=\"form-field-field_2-0\">KarateCenter<\/label><\/span><span class=\"elementor-field-option\"><input type=\"checkbox\" value=\"IOGKF\" id=\"form-field-field_2-1\" name=\"form_fields[field_2][]\"> <label for=\"form-field-field_2-1\">IOGKF<\/label><\/span><\/div>\t\t\t\t<\/div>\n\t\t\t\t\t\t\t\t<div class=\"elementor-field-type-email elementor-field-group elementor-column elementor-field-group-email elementor-col-75 elementor-field-required\">\n\t\t\t\t\t\t\t\t\t\t\t\t<label for=\"form-field-email\" class=\"elementor-field-label elementor-screen-only\">\n\t\t\t\t\t\t\t\tEmail\t\t\t\t\t\t\t<\/label>\n\t\t\t\t\t\t\t\t\t\t\t\t\t\t<input size=\"1\" type=\"email\" name=\"form_fields[email]\" id=\"form-field-email\" class=\"elementor-field elementor-size-md  elementor-field-textual\" placeholder=\"Email\" required=\"required\">\n\t\t\t\t\t\t\t\t\t\t\t<\/div>\n\t\t\t\t\t\t\t\t<div class=\"elementor-field-group elementor-column elementor-field-type-submit elementor-col-75 e-form__buttons\">\n\t\t\t\t\t<button class=\"elementor-button elementor-size-md\" type=\"submit\">\n\t\t\t\t\t\t<span class=\"elementor-button-content-wrapper\">\n\t\t\t\t\t\t\t\t\t\t\t\t\t\t\t\t\t\t\t\t\t\t<span class=\"elementor-button-text\">Tilmeld<\/span>\n\t\t\t\t\t\t\t\t\t\t\t\t\t<\/span>\n\t\t\t\t\t<\/button>\n\t\t\t\t<\/div>\n\t\t\t<\/div>\n\t\t<\/form>\n\t\t\t\t\t\t<\/div>\n\t\t\t\t\t<\/div>\n\t\t<\/div>\n\t\t\t\t\t<\/div>\n\t\t<\/section>\n\t\t\t\t\t<\/div>\n\t\t<\/div>\n\t\t\t\t\t<\/div>\n\t\t<\/section>\n\t\t\t\t<\/div>\n\t\t","protected":false},"excerpt":{"rendered":"<p>Modtag Karate Centers nyhedsbrev Her kan du tilmelde dig nyhedsbrevet for Nyk\u00f8bing F. KarateCenter. Jeg \u00f8nsker at modtage nyheder om:<\/p>\n","protected":false},"author":1,"featured_media":0,"parent":0,"menu_order":0,"comment_status":"closed","ping_status":"closed","template":"","meta":{"footnotes":""},"class_list":["post-284","page","type-page","status-publish"],"yoast_head":"<!-- This site is optimized with the Yoast SEO plugin v27.5 - https:\/\/yoast.com\/product\/yoast-seo-wordpress\/ -->\n<title>Nyhedsbrev - Fitness - Nyk\u00f8bing F. Karate Center<\/title>\n<meta name=\"robots\" content=\"index, follow, max-snippet:-1, max-image-preview:large, max-video-preview:-1\" \/>\n<link rel=\"canonical\" href=\"https:\/\/www.karateklub.dk\/fitness\/nyhedsbrev\/\" \/>\n<meta property=\"og:locale\" content=\"da_DK\" \/>\n<meta property=\"og:type\" content=\"article\" \/>\n<meta property=\"og:title\" content=\"Nyhedsbrev - Fitness - Nyk\u00f8bing F. Karate Center\" \/>\n<meta property=\"og:description\" content=\"Modtag Karate Centers nyhedsbrev Her kan du tilmelde dig nyhedsbrevet for Nyk\u00f8bing F. KarateCenter. Jeg \u00f8nsker at modtage nyheder om:\" \/>\n<meta property=\"og:url\" content=\"https:\/\/www.karateklub.dk\/fitness\/nyhedsbrev\/\" \/>\n<meta property=\"og:site_name\" content=\"Fitness\" \/>\n<meta property=\"article:modified_time\" content=\"2020-05-01T08:25:09+00:00\" \/>\n<meta property=\"og:image\" content=\"https:\/\/www.karateklub.dk\/fitness\/wp-content\/uploads\/sites\/2\/2020\/01\/billede-af-karate-centeret-6-1.jpg\" \/>\n<meta name=\"twitter:card\" content=\"summary_large_image\" \/>\n<script type=\"application\/ld+json\" class=\"yoast-schema-graph\">{\"@context\":\"https:\\\/\\\/schema.org\",\"@graph\":[{\"@type\":\"WebPage\",\"@id\":\"https:\\\/\\\/www.karateklub.dk\\\/fitness\\\/nyhedsbrev\\\/\",\"url\":\"https:\\\/\\\/www.karateklub.dk\\\/fitness\\\/nyhedsbrev\\\/\",\"name\":\"Nyhedsbrev - Fitness - Nyk\u00f8bing F. Karate Center\",\"isPartOf\":{\"@id\":\"https:\\\/\\\/www.karateklub.dk\\\/fitness\\\/#website\"},\"primaryImageOfPage\":{\"@id\":\"https:\\\/\\\/www.karateklub.dk\\\/fitness\\\/nyhedsbrev\\\/#primaryimage\"},\"image\":{\"@id\":\"https:\\\/\\\/www.karateklub.dk\\\/fitness\\\/nyhedsbrev\\\/#primaryimage\"},\"thumbnailUrl\":\"https:\\\/\\\/www.karateklub.dk\\\/fitness\\\/wp-content\\\/uploads\\\/sites\\\/2\\\/2020\\\/01\\\/billede-af-karate-centeret-6-1.jpg\",\"datePublished\":\"2019-10-04T10:55:56+00:00\",\"dateModified\":\"2020-05-01T08:25:09+00:00\",\"breadcrumb\":{\"@id\":\"https:\\\/\\\/www.karateklub.dk\\\/fitness\\\/nyhedsbrev\\\/#breadcrumb\"},\"inLanguage\":\"da-DK\",\"potentialAction\":[{\"@type\":\"ReadAction\",\"target\":[\"https:\\\/\\\/www.karateklub.dk\\\/fitness\\\/nyhedsbrev\\\/\"]}]},{\"@type\":\"ImageObject\",\"inLanguage\":\"da-DK\",\"@id\":\"https:\\\/\\\/www.karateklub.dk\\\/fitness\\\/nyhedsbrev\\\/#primaryimage\",\"url\":\"https:\\\/\\\/www.karateklub.dk\\\/fitness\\\/wp-content\\\/uploads\\\/sites\\\/2\\\/2020\\\/01\\\/billede-af-karate-centeret-6-1.jpg\",\"contentUrl\":\"https:\\\/\\\/www.karateklub.dk\\\/fitness\\\/wp-content\\\/uploads\\\/sites\\\/2\\\/2020\\\/01\\\/billede-af-karate-centeret-6-1.jpg\",\"width\":1000,\"height\":1000},{\"@type\":\"BreadcrumbList\",\"@id\":\"https:\\\/\\\/www.karateklub.dk\\\/fitness\\\/nyhedsbrev\\\/#breadcrumb\",\"itemListElement\":[{\"@type\":\"ListItem\",\"position\":1,\"name\":\"Hjem\",\"item\":\"https:\\\/\\\/www.karateklub.dk\\\/fitness\\\/\"},{\"@type\":\"ListItem\",\"position\":2,\"name\":\"Nyhedsbrev\"}]},{\"@type\":\"WebSite\",\"@id\":\"https:\\\/\\\/www.karateklub.dk\\\/fitness\\\/#website\",\"url\":\"https:\\\/\\\/www.karateklub.dk\\\/fitness\\\/\",\"name\":\"Fitness\",\"description\":\"Nyk\u00f8bing F. Karatecenter\",\"publisher\":{\"@id\":\"https:\\\/\\\/www.karateklub.dk\\\/fitness\\\/#organization\"},\"potentialAction\":[{\"@type\":\"SearchAction\",\"target\":{\"@type\":\"EntryPoint\",\"urlTemplate\":\"https:\\\/\\\/www.karateklub.dk\\\/fitness\\\/?s={search_term_string}\"},\"query-input\":{\"@type\":\"PropertyValueSpecification\",\"valueRequired\":true,\"valueName\":\"search_term_string\"}}],\"inLanguage\":\"da-DK\"},{\"@type\":\"Organization\",\"@id\":\"https:\\\/\\\/www.karateklub.dk\\\/fitness\\\/#organization\",\"name\":\"Karate Center Nyk\u00f8bing F.\",\"url\":\"https:\\\/\\\/www.karateklub.dk\\\/fitness\\\/\",\"logo\":{\"@type\":\"ImageObject\",\"inLanguage\":\"da-DK\",\"@id\":\"https:\\\/\\\/www.karateklub.dk\\\/fitness\\\/#\\\/schema\\\/logo\\\/image\\\/\",\"url\":\"https:\\\/\\\/www.karateklub.dk\\\/fitness\\\/wp-content\\\/uploads\\\/sites\\\/2\\\/2019\\\/12\\\/nyk-karate-center-lys.svg\",\"contentUrl\":\"https:\\\/\\\/www.karateklub.dk\\\/fitness\\\/wp-content\\\/uploads\\\/sites\\\/2\\\/2019\\\/12\\\/nyk-karate-center-lys.svg\",\"width\":872,\"height\":109,\"caption\":\"Karate Center Nyk\u00f8bing F.\"},\"image\":{\"@id\":\"https:\\\/\\\/www.karateklub.dk\\\/fitness\\\/#\\\/schema\\\/logo\\\/image\\\/\"}}]}<\/script>\n<!-- \/ Yoast SEO plugin. -->","yoast_head_json":{"title":"Nyhedsbrev - Fitness - Nyk\u00f8bing F. Karate Center","robots":{"index":"index","follow":"follow","max-snippet":"max-snippet:-1","max-image-preview":"max-image-preview:large","max-video-preview":"max-video-preview:-1"},"canonical":"https:\/\/www.karateklub.dk\/fitness\/nyhedsbrev\/","og_locale":"da_DK","og_type":"article","og_title":"Nyhedsbrev - Fitness - Nyk\u00f8bing F. Karate Center","og_description":"Modtag Karate Centers nyhedsbrev Her kan du tilmelde dig nyhedsbrevet for Nyk\u00f8bing F. KarateCenter. Jeg \u00f8nsker at modtage nyheder om:","og_url":"https:\/\/www.karateklub.dk\/fitness\/nyhedsbrev\/","og_site_name":"Fitness","article_modified_time":"2020-05-01T08:25:09+00:00","og_image":[{"url":"https:\/\/www.karateklub.dk\/fitness\/wp-content\/uploads\/sites\/2\/2020\/01\/billede-af-karate-centeret-6-1.jpg","type":"","width":"","height":""}],"twitter_card":"summary_large_image","schema":{"@context":"https:\/\/schema.org","@graph":[{"@type":"WebPage","@id":"https:\/\/www.karateklub.dk\/fitness\/nyhedsbrev\/","url":"https:\/\/www.karateklub.dk\/fitness\/nyhedsbrev\/","name":"Nyhedsbrev - Fitness - Nyk\u00f8bing F. Karate Center","isPartOf":{"@id":"https:\/\/www.karateklub.dk\/fitness\/#website"},"primaryImageOfPage":{"@id":"https:\/\/www.karateklub.dk\/fitness\/nyhedsbrev\/#primaryimage"},"image":{"@id":"https:\/\/www.karateklub.dk\/fitness\/nyhedsbrev\/#primaryimage"},"thumbnailUrl":"https:\/\/www.karateklub.dk\/fitness\/wp-content\/uploads\/sites\/2\/2020\/01\/billede-af-karate-centeret-6-1.jpg","datePublished":"2019-10-04T10:55:56+00:00","dateModified":"2020-05-01T08:25:09+00:00","breadcrumb":{"@id":"https:\/\/www.karateklub.dk\/fitness\/nyhedsbrev\/#breadcrumb"},"inLanguage":"da-DK","potentialAction":[{"@type":"ReadAction","target":["https:\/\/www.karateklub.dk\/fitness\/nyhedsbrev\/"]}]},{"@type":"ImageObject","inLanguage":"da-DK","@id":"https:\/\/www.karateklub.dk\/fitness\/nyhedsbrev\/#primaryimage","url":"https:\/\/www.karateklub.dk\/fitness\/wp-content\/uploads\/sites\/2\/2020\/01\/billede-af-karate-centeret-6-1.jpg","contentUrl":"https:\/\/www.karateklub.dk\/fitness\/wp-content\/uploads\/sites\/2\/2020\/01\/billede-af-karate-centeret-6-1.jpg","width":1000,"height":1000},{"@type":"BreadcrumbList","@id":"https:\/\/www.karateklub.dk\/fitness\/nyhedsbrev\/#breadcrumb","itemListElement":[{"@type":"ListItem","position":1,"name":"Hjem","item":"https:\/\/www.karateklub.dk\/fitness\/"},{"@type":"ListItem","position":2,"name":"Nyhedsbrev"}]},{"@type":"WebSite","@id":"https:\/\/www.karateklub.dk\/fitness\/#website","url":"https:\/\/www.karateklub.dk\/fitness\/","name":"Fitness","description":"Nyk\u00f8bing F. Karatecenter","publisher":{"@id":"https:\/\/www.karateklub.dk\/fitness\/#organization"},"potentialAction":[{"@type":"SearchAction","target":{"@type":"EntryPoint","urlTemplate":"https:\/\/www.karateklub.dk\/fitness\/?s={search_term_string}"},"query-input":{"@type":"PropertyValueSpecification","valueRequired":true,"valueName":"search_term_string"}}],"inLanguage":"da-DK"},{"@type":"Organization","@id":"https:\/\/www.karateklub.dk\/fitness\/#organization","name":"Karate Center Nyk\u00f8bing F.","url":"https:\/\/www.karateklub.dk\/fitness\/","logo":{"@type":"ImageObject","inLanguage":"da-DK","@id":"https:\/\/www.karateklub.dk\/fitness\/#\/schema\/logo\/image\/","url":"https:\/\/www.karateklub.dk\/fitness\/wp-content\/uploads\/sites\/2\/2019\/12\/nyk-karate-center-lys.svg","contentUrl":"https:\/\/www.karateklub.dk\/fitness\/wp-content\/uploads\/sites\/2\/2019\/12\/nyk-karate-center-lys.svg","width":872,"height":109,"caption":"Karate Center Nyk\u00f8bing F."},"image":{"@id":"https:\/\/www.karateklub.dk\/fitness\/#\/schema\/logo\/image\/"}}]}},"_links":{"self":[{"href":"https:\/\/www.karateklub.dk\/fitness\/wp-json\/wp\/v2\/pages\/284","targetHints":{"allow":["GET"]}}],"collection":[{"href":"https:\/\/www.karateklub.dk\/fitness\/wp-json\/wp\/v2\/pages"}],"about":[{"href":"https:\/\/www.karateklub.dk\/fitness\/wp-json\/wp\/v2\/types\/page"}],"author":[{"embeddable":true,"href":"https:\/\/www.karateklub.dk\/fitness\/wp-json\/wp\/v2\/users\/1"}],"replies":[{"embeddable":true,"href":"https:\/\/www.karateklub.dk\/fitness\/wp-json\/wp\/v2\/comments?post=284"}],"version-history":[{"count":0,"href":"https:\/\/www.karateklub.dk\/fitness\/wp-json\/wp\/v2\/pages\/284\/revisions"}],"wp:attachment":[{"href":"https:\/\/www.karateklub.dk\/fitness\/wp-json\/wp\/v2\/media?parent=284"}],"curies":[{"name":"wp","href":"https:\/\/api.w.org\/{rel}","templated":true}]}}